d derivative of -o**4/6 + 3*o**3/2 - 2*o**2. Let w = 2350 - 2345. Calculate z(w).
-11
Let o(w) = w**2 + 6*w + 64. Let r be o(0). Suppose -r = 4*n - 16. Let q = 12 + n. Let z(c) = c**3 + c**2 + c + 4. Calculate z(q).
4
Suppose o + 3*u - 40 = 0, -3*u + 30 = 2*o - 53. Suppose 0 = -3*d + o + 20. Let m(l) = -7*l**2 + 9 - d*l**2 - 9*l + 22*l**2 + l**3. Determine m(7).
-5
Let k be ((-2 - (2 + -4))/2)/((-45)/(-15)). Let r(l) = -2*l**3 - 6*l - 80. Calculate r(k).
-80
Let m(a) = -9*a + 6. Let n(f) = 10 + 27*f - 9 - 10 - 14*f. Let b(z) = 7*m(z) + 5*n(z). Calculate b(6).
9
Let b(r) be the first derivative of -r**3/3 - 9*r**2/2 - 9*r + 5777. Give b(-5).
11
Let i = 29150 + -29107. Let s(v) = -6*v + 257. What is s(i)?
-1
Let p = -96 + 92. Let m be (p/7)/((-14)/49). Let n(c) = -7*c - 4 + 3*c + 524*c**m - 525*c**2. Calculate n(-4).
-4
Let h(t) be the first derivative of 4*t**3/3 - 13*t**2/2 + 16*t + 13. Let p(f) = f**2 - 5 + 8*f - 2*f**2 - 4*f. Let l(a) = 2*h(a) + 7*p(a). What is l(-4)?
5
Suppose -4*k - 4*t = -9*k + 19, 5*k - 31 = t. Let q(g) = 5 - 7*g**2 - g**3 - k*g + 8*g + 5*g + 5*g. Calculate q(-8).
-19
Let w(v) = v + 8. Let g = -1909 + 2702. Let b = g - 797. Give w(b).
4
Let n(w) = -7*w**3 - 5*w**2 - 26*w + 16. Let x(g) = 2*g**3 + g**2 + 1. Let u(f) = n(f) + 4*x(f). Let h be u(-5). Let v(s) = -s**3 - s + 7. Determine v(h).
7
Let k(i) = -1032 - 5*i - i + 1031 + 4*i - i**2 - 6*i. Determine k(-6).
11
Let f(d) = -d**3 - 12*d**2 - 3*d - 17. Let t(n) = 2*n**3 + 4*n**2 + 3*n + 22. Let g be t(-3). Let i be (-2)/(31/6 + g). Give f(i).
19
Let a = 178 - 208. Let x be ((-76)/95)/((-4)/a). Let f(i) = i**3 + 6*i**2 - 3*i - 1. Determine f(x).
17
Let w(d) = -d**3 - 3*d**2 - d. Let k(c) = -c**3 - c + 1. Let y be k(1). Let a be y*0/(9 + -4). Suppose 3*r - q + a*q = 0, 4*q = 4*r - 8. Give w(r).
-1
Let r = -26 + 29. Suppose 5*v - 14 = j + 9, -r*j - 14 = -4*v. Let s(o) = -6*o**2 - j*o**3 + 8 - 9 + 5 + 6*o + o**3. Determine s(-7).
11
Suppose 3*u = -9, 2 - 17 = 2*n - u. Let y be (85/15 + -3)*n/(-4). Let r be -3 - (y + -2) - 1 - -4. Let v(z) = -z - 5. Calculate v(r).
-1
Let i be (11 - (-56)/(-7)) + (-2 - 2). Let t(y) = 46*y**2 - y - 1. Determine t(i).
46
Let l(w) = -9*w - 7. Let h(m) = -4*m - 3. Let u(d) = 7*h(d) - 3*l(d). Let i(k) = -4*k + 27. Let x(j) = i(j) - 6*u(j). Calculate x(-11).
5
Let i(m) be the second derivative of m**3/6 - 13*m**2/2 + 170*m. Let d be 52/5 - (110/25)/11. Give i(d).
-3
Let d(y) be the second derivative of 86*y + 5/6*y**3 + 0 - 4*y**2 + 1/12*y**4. Calculate d(-6).
-2
Let f(x) = -x - 5. Let h be 70 - -1 - (-5 + 8). Let a = 34 - 102. Let g = h + a. Calculate f(g).
-5
Let w(u) = 18*u**3 - 2*u + 1. Let n(d) be the second derivative of 5*d**3/3 - 129*d**2/2 - 33*d. Let z be n(13). What is w(z)?
17
Let b(i) = -3*i + 1. Let s(o) = 1 - 16*o - 12*o + 21*o + 3. Let a(z) = -5*b(z) + 2*s(z). What is a(3)?
6
Let w(b) = 245*b + 242*b - 777*b + 292*b + 2. Give w(19).
40
Let f(r) = 7*r**2 + 4*r - 1. Let n be 14/35 - 3*(-9 - (-1368)/135). Determine f(n).
50
Let t(k) = 30*k**3 + k**2 - 4*k + 2. Let z = -13104 + 13105. Give t(z).
29
Let v(w) = -w - 2. Let s = 211 - 128. Let x = -142 + s. Let t = x + 57. Determine v(t).
0
Let d(j) be the first derivative of -j**5/20 + j**4/2 + 2*j**3/3 + 87*j + 36. Let n(i) be the first derivative of d(i). Calculate n(7).
-21
Let v(w) = 5*w - 1. Suppose 5*p - 4*x - 58 = 10, -5*x = p - 31. Suppose -13*t - p + 68 = 0. Suppose 5*u - 13 = -3*r, t*u + r - 1 - 8 = 0. Determine v(u).
9
Let a = 26400 - 26417. Let m(i) = -i**2 - 19*i - 53. Calculate m(a).
-19
Suppose 5 - 60 = -11*w. Suppose n = 5*f - 76, -w*f - n = -32 - 42. Let s be -6*20/f - -2. Let o(j) = j**3 + 5*j**2 - 6*j - 6. Determine o(s).
-6
Suppose -204*x + 200*x - j - 10 = 0, 5*x + 5*j = 10. Let s(u) = -u**2 - 6*u - 9. Give s(x).
-1
Let i(q) be the first derivative of 2*q + 2 + 7/2*q**2 + 1/3*q**3. Give i(-6).
-4
Let d(p) = -p**3 + p**2 - 7*p + 1. Let y(l) = -3*l**3 + 6*l**2 - 9*l + 5. Let t(r) = -2*d(r) + y(r). Let s = 3 + 2. What is t(s)?
3
Let b(k) = -k**3 + 4*k**2 + 3*k - 3. Let m be -1*2 - (-22 - -12). Suppose -m = 10*f - 58. Determine b(f).
-13
Let b(s) = 11*s + 4. Let a be b(-2). Let o = a + 20. Let h be (-5)/(-2) + 3/(o + 4). Let i(f) = 2*f**2 - f - 2. Determine i(h).
13
Let r be 3 - (-8 - (2 - 7)). Let f(y) = 0*y**3 - y**3 + 219*y**2 + 6*y - 209*y**2 - 5 - 9 + r*y. Give f(11).
-3
Let w be ((-11)/((-99)/(-135)))/((-6)/2). Suppose 2*k = 3 + w. Let t(n) = -2*n**2 + 6*n - 3. What is t(k)?
-11
Let v(k) = -k**2 + 203*k + 202*k + 204 - 808*k + 191*k + 191*k. Determine v(7).
8
Let y(q) = q**3 + 28*q**2 + 3*q + 72. Let s = -10019 - -9991. Give y(s).
-12
Let s(m) = -4*m**2 - 9*m - 3. Suppose w + 2 = -2. Let g(x) = -3*x**2 - 9*x - 2. Let q be 5/(3 + (4 - 0 - 6)). Let u(a) = q*g(a) + w*s(a). Give u(9).
2
Let r(z) = -6 - z + 0*z - 33 + 21 + 0*z. Give r(-14).
-4
Suppose -10 = -2*c - 4*d + 2, 2*d + 14 = 4*c. Let y(l) = -19 + l + 19. Calculate y(c).
4
Suppose 6 = -3*z + 33. Let l(k) = z - 6 - 4 + 4 + 3*k. Calculate l(-8).
-21
Let a be 4/(-3) - (-150)/18. Let j(h) = a + 368*h**2 - 9 - 369*h**2 + 6*h. Determine j(6).
-2
Let r(w) = 62*w + 220. Let h(v) = -169*v - 586. Let p(y) = -7*h(y) - 19*r(y). Determine p(10).
-28
Let v = 210 + -206. Let l(f) = 5*f + f**2 - v + 4 + 2 + 7. Calculate l(-8).
33
Suppose -37*c + 34*c = 15. Let z(y) = 595 + y**2 + 610 - 6*y - 1207. Determine z(c).
53
Let d be ((-3)/12 + 1)*(1 + 11). Let c be 3/((-52)/(-6) - d). Let s(w) = -w**2 - 9*w - 5. Calculate s(c).
-5
Suppose -4*t - 44 = 15*t - 234. Let n(f) = 18*f - 177. Give n(t).
3
Let r(m) = -62*m - 2. Let u = -983 + 984. Calculate r(u).
-64
Let q = -100 + 102. Let k(x) = 8 - 74*x**2 - x**3 + 40*x**q - 1 + 39*x**2. Give k(5).
7
Let n(a) be the first derivative of 5*a**4/2 - a**3 + 3*a**2/2 + 4*a + 7297. What is n(-1)?
-12
Let l(z) be the second derivative of -1/6*z**3 - z + 0*z**4 + 1/20*z**5 + 22 - 17/2*z**2. Determine l(0).
-17
Suppose -26*c + 1338 = 142. Suppose -2*y + 5*y - 5*t = c, -4*t - 30 = -2*y. Let n(o) = -o**3 + 18*o**2 - 18*o + 14. What is n(y)?
-3
Let i(s) = -3*s**3 + 2*s**2 - 1. Let u(c) = -3*c. Let l be u(-1). Suppose 3*z = l*t - 99, 5*z - 2*t + 163 = t. Let a = -33 - z. Calculate i(a).
4
Let m = 3 + 2. Let f(z) be the first derivative of 1/4*z**4 - 5/3*z**3 + 2*z - 7 + 0*z**2. Give f(m).
2
Let b(k) = -1. Let g(v) = -v**2 + 6*v + 6. Let t(m) = -3*b(m) - g(m). Let o = 194 + -128. Let c = o + -63. Determine t(c).
-12
Let y(k) = -789*k - 803*k - 3 + k**2 + 1594*k - 2. Give y(2).
3
Suppose 156 - 306 = 20*h + 10*h. Let z(o) = -74*o - 375. Give z(h).
-5
Let o(f) = 51*f - 7. Suppose -2 = -6*s + 3*s + c, s + 2 = -c. Calculate o(s).
-7
Let z(t) = 662 + 20*t + 532 - 892. Give z(-15).
2
Let x(t) = -5*t + 1. Let u be (0 - 2)*50/(-20). Suppose 15 = -u*f, 4*d = 7*f - 8*f + 1. Calculate x(d).
-4
Let o(a) = a**3 + 6*a**2 - 7*a - 10. Let l be ((-2)/(-9))/((-251)/6777). Calculate o(l).
32
Suppose -4*r - 5*i - 4097 = 0, 42*r - 43*r + 5*i = 1018. Let h = 1017 + r. Let n(o) = 3 + 7*o - 2 - 5*o**2 + 1 - o**3. What is n(h)?
-4
Let q(h) = 4*h**2. Let x(t) = t**3 + 11*t**2 + 14*t + 39. Let a be x(-10). Calculate q(a).
4
Let z(d) = -d**3 + 7*d**2 - 5*d - 20. Let q be ((-108)/10)/(-2) + 20*27/(-1350). Determine z(q).
5
Let r = -8 + 5. Let v(q) = -q**3 + 4. Let d be v(0). Let n(f) = d*f - 110 + 2*f + 52 + 61. Calculate n(r).
-15
Let t = 595 + -595. Let c(l) = -3*l - 20. Give c(t).
-20
Let t be -40 + 38 + (253 - (-1 + 2)). Let x = -243 + t. Let d(l) = -2*l**2 + 9*l. Calculate d(x).
-35
Let k(s) = s**3 - 22*s**2 + 21*s - 8. Suppose -27 + 119 = 4*f. Suppose 4*u = -16, 4*x - 5*u - 81 - f = 0. What is k(x)?
-8
Let x(c) = 178*c + 141. Let k(a) = 151*a + 142. Let f(l) = -8*k(l) + 7*x(l). Give f(4).
3
Let o(i) = 1332*i - 15980. Let m be o(12). Let z(w) be the third derivative of w**4/12 - w**3/2 - w**2. Give z(m).
5
Let q(x) = 2*x**3 - 3. Let r(s) = -9 + 2 + 6 - 2*s**2 + s + 0. Let d(m) = -q(m) + r(m). Suppose 5*t + 20 = 0, -4*h = 3*t + 7 + 13. What is d(h)?
8
Let u(h) be the first derivative of h**4/4 - h**3 - 7*h**2/2 + 8*h + 1601. Give u(4).
-4
Let c(y) = 26*y - 27. Let t(o) = 14*o - 8. Let k(g) = -10*c(g) + 18*t(g). What is k(13)?
22
Let l = 1415 + -2825/2. Let s(g) be the second derivative of l*g**2 + 5/6*g**4 + 5/3*g**3 + 0 - 19*g 